887 a composite number?
True
Is 1054534933 a prime number?
False
Is 262134668273 composite?
True
Is 7484347711 a prime number?
True
Is 2827015783 a composite number?
False
Is 130805295447 composite?
True
Is 3213910043 prime?
True
Is 8463509083 prime?
True
Is 22613926219 a composite number?
True
Is 96465329 a composite number?
False
Is 26110998803 prime?
True
Is 3319307713 prime?
False
Is 5033028557 a prime number?
True
Is 3485127533 a composite number?
False
Is 5268749379 composite?
True
Is 6000356573 prime?
False
Is 152249927 a prime number?
False
Is 340271456015 a prime number?
False
Is 1566804347 composite?
False
Is 347267527 composite?
True
Is 37833174077 prime?
True
Is 2117013559 a composite number?
False
Is 3738377939 prime?
True
Is 44352127 prime?
False
Is 78021737333 a prime number?
True
Is 49846940177 prime?
True
Is 62128529 composite?
False
Is 339850919 a prime number?
False
Is 20341429729 a composite number?
False
Is 235093054813 a prime number?
False
Is 77570348801 a prime number?
False
Is 170922606419 a prime number?
False
Is 134643486097 a prime number?
True
Is 618738157 prime?
False
Is 10448774101 prime?
False
Is 40847285 composite?
True
Is 67589439403 a composite number?
False
Is 14702579767 prime?
True
Is 43236123391 a prime number?
True
Is 8821907497 a composite number?
True
Is 4315848571 composite?
False
Is 980308717 a prime number?
False
Is 122086459043 prime?
False
Is 1267444567 a prime number?
True
Is 693581293 a composite number?
False
Is 1065404113 prime?
True
Is 50874819589 a composite number?
True
Is 130761660857 prime?
True
Is 63416983159 prime?
True
Is 14998911091 composite?
False
Is 76206924691 a prime number?
True
Is 256077721 a composite number?
True
Is 23281081693 a prime number?
True
Is 920038967 a prime number?
True
Is 52649102963 a composite number?
False
Is 42308992549 composite?
True
Is 880783543 a composite number?
True
Is 37357779617 composite?
False
Is 32480082611 a composite number?
True
Is 283208803 a prime number?
True
Is 108167867 a composite number?
False
Is 188529527 a composite number?
False
Is 24190710739 prime?
False
Is 555051589 a composite number?
False
Is 196322465291 a prime number?
True
Is 8171143727 a prime number?
True
Is 23431895849 a prime number?
True
Is 1361158093 a composite number?
False
Is 3629544535 a composite number?
True
Is 663448141 prime?
True
Is 1442979347 composite?
False
Is 4738825318 a composite number?
True
Is 15411189747 a prime number?
False
Is 992346827 a composite number?
False
Is 30611499529 a composite number?
True
Is 1190358943 a prime number?
True
Is 3102966557 a composite number?
True
Is 1462764053 prime?
False
Is 32747732753 composite?
True
Is 702922877 composite?
True
Is 2840105909 composite?
True
Is 484870007 a composite number?
False
Is 423027725587 a composite number?
False
Is 610844761 prime?
True
Is 70503851653 prime?
True
Is 112110231323 a composite number?
True
Is 201073643 a prime number?
True
Is 428237207 composite?
True
Is 27628199741 prime?
True
Is 44081966939 composite?
False
Is 239464753721 a prime number?
True
Is 7542994157 a composite number?
False
Is 199520639 a composite number?
True
Is 17323122503 composite?
True
Is 10878443897 a prime number?
True
Is 1142702891 a prime number?
False
Is 430082693 composite?
False
Is 1228167323 a composite number?
False
Is 6697367473 composite?
True
Is 2903986051 prime?
True
Is 64962424319 a composite number?
True
Is 291844699391 a composite number?
True
Is 303740653 a composite number?
True
Is 75269710757 a prime number?
False
Is 457217291 a prime number?
False
Is 95867709451 prime?
True
Is 44933184707 prime?
True
Is 79392465937 composite?
True
Is 4574669233 composite?
True
Is 105435697 composite?
False
Is 60766271 prime?
True
Is 1480319398 a prime number?
False
Is 1139456377 prime?
True
Is 161164123 composite?
False
Is 171194497801 prime?
True
Is 275962033 a composite number?
True
Is 1414437137 a composite number?
True
Is 78400385143 prime?
True
Is 101691806599 a composite number?
False
Is 2620743109 prime?
False
Is 601532274817 composite?
False
Is 2049184187 a prime number?
True
Is 64164437551 composite?
False
Is 9013704265 a prime number?
False
Is 15380404261 composite?
True
Is 67114138963 composite?
True
Is 3865326229 a composite number?
False
Is 3836792273 prime?
False
Is 524876243 composite?
True
Is 43781067923 prime?
False
Is 198040277 a prime number?
False
Is 21485404169 composite?
True
Is 599284669 a composite number?
False
Is 12580586962 prime?
False
Is 295236719 a prime number?
False
Is 223100461 prime?
True
Is 35609585461 prime?
False
Is 3014653729 composite?
True
Is 578441419 prime?
True
Is 612029081 composite?
False
Is 525491767 a composite number?
True
Is 17449074437 a prime number?
True
Is 330619907 a composite number?
True
Is 38858432477 a prime number?
True
Is 7303637191 a prime number?
True
Is 89443754221 prime?
False
Is 5924719909 composite?
False
Is 33931747 a prime number?
True
Is 167013878 prime?
False
Is 6122651369 composite?
False
Is 827129681 prime?
False
Is 502288211 composite?
False
Is 4083041411 a composite number?
False
Is 1169228755 a prime number?
False
Is 6442200967 a composite number?
False
Is 2843722807 prime?
False
Is 4973903219 prime?
True
Is 320189447723 a composite number?
False
Is 14114751743 a prime number?
True
Is 8986811437 prime?
False
Is 1205685953 prime?
False
Is 18353066551 a composite number?
True
Is 50957443361 a composite number?
True
Is 97184517233 composite?
False
Is 8946299137 a composite number?
False
Is 1706191427 prime?
True
Is 149134663 a prime number?
False
Is 18791308139 prime?
False
Is 252920962999 prime?
True
Is 25667425643 prime?
False
Is 287653897 a prime number?
False
Is 1023557611 composite?
True
Is 44127423079 composite?
True
Is 45660642589 a composite number?
False
Is 117525295031 a prime number?
False
Is 2435386871 prime?
True
Is 1567464751 composite?
True
Is 119882833619 a composite number?
False
Is 5301173081 prime?
True
Is 375544589 prime?
False
Is 18928210079 prime?
False
Is 51951057 composite?
True
Is 50827589741 composite?
False
Is 106283609 a composite number?
True
Is 599106679 a composite number?
True
Is 2935052866 a prime number?
False
Is 917200169 a composite number?
False
Is 7939870237 composite?
True
Is 41752387291 composite?
False
Is 10860167897 a composite number?
False
Is 449274797 prime?
True
Is 19575631802 composite?
True
Is 6684249743 composite?
True
Is 186247913 a prime number?
False
Is 314493169 a prime number?
False
Is 213863534 prime?
False
Is 548088239 a prime number?
True
Is 1917986963 a prime number?
True
Is 485306191 a composite number?
True
Is 565107449 composite?
False
Is 183204611 a composite number?
True
Is 8874301031 a prime number?
False
Is 2923376471 a prime number?
True
Is 97081018793 a prime number?
False
Is 72355082753 a prime number?
False
Is 7543080889 composite?
False
Is 273540372773 a composite number?
False
Is 5664670477 prime?
True
Is 39628831822 composite?
True
Is 2553712115 a prime number?
False
Is 8309394661 prime?
True
Is 14704558103 composite?
True
Is 38420671 a prime number?
True
Is 3409101187 composite?
False
Is 5735041531 a prime number?
False
Is 12522696539 a prime number?
True
Is 1359629039 a composite number?
False
Is 16290421421 prime?
False
Is 12051851543 prime?
True
Is 28526918309 composite?
True
Is 4162656389 composite?
True
Is 4125415417 a composite number?
True
Is 157847743 a composite number?
False
Is 19164882559 a composite number?
False
Is 89337643 a prime number?
False
Is 35363648329 a composite number?
False
Is 184986533 composite?
True
Is 2016045121 a prime number?
True
Is 471190661 prime?
False
Is 326761021 a prime number?
False
Is 441928691 a prime number?
True
Is 2469390719 a prime number?
False
Is 55694654479 prime?
True
Is 386752979 prime?
False
Is 6066002603 prime?
False
Is 51669367 prime?
True
Is 86420832881 composite?
False
Is 897253711 a prime number?
False
Is 32945657 a composite number?
False
Is 10628971 composite?
False
Is 6432412193 a prime number?
False
Is 13735732623 a prime number?
False
Is 35803961078 a composite number?
True
Is 14491173121 prime?
False
Is 7716211109 a prime number?
False
Is 453699523 composite?
False
Is 46756640129 composite?
False
Is 1071